{"id":1074,"date":"2024-06-10T17:02:58","date_gmt":"2024-06-10T17:02:58","guid":{"rendered":"https:\/\/tvdillingen.de\/?page_id=1074"},"modified":"2024-06-10T17:13:55","modified_gmt":"2024-06-10T17:13:55","slug":"damals","status":"publish","type":"page","link":"https:\/\/tvdillingen.de\/?page_id=1074","title":{"rendered":"Damals &#8230;"},"content":{"rendered":"\n<p>P\u00fcnktlich zum 125-J\u00e4hrigen Jubil\u00e4um ist eine Festschrift aus dem Jahr 1999 aufgetaucht. Hier pr\u00e4sentieren sich die im Verein vertretenen Abteilungen mit ihren Mitgliedern den Betrachtern. Die Fotos entsprechen in Stil und Qualit\u00e4t der damaligen Zeit einer Festschrift. Man kann sich so auf eine kleine Zeitreise begeben. Nat\u00fcrlich hat sich der Verein in 25 Jahren ver\u00e4ndert, Abteilungen haben sich aufgel\u00f6st, neue sind hinzugkommen, was ganz dem Bild eines modernen Vereins mit einem zeitgem\u00e4\u00dfen Sportangebot entspricht. Und nun viel Spa\u00df beim St\u00f6bern!<\/p>\n\n\n\n<figure class=\"wp-block-gallery has-nested-images columns-default is-cropped wp-block-gallery-1 is-layout-flex wp-block-gallery-is-layout-flex\">\n<figure class=\"wp-block-image size-large\"><img loading=\"lazy\" decoding=\"async\" width=\"712\" height=\"353\" data-id=\"1078\" src=\"https:\/\/tvdillingen.de\/wp-content\/uploads\/2024\/06\/99_01.jpg\" alt=\"\" class=\"wp-image-1078\" srcset=\"https:\/\/tvdillingen.de\/wp-content\/uploads\/2024\/06\/99_01.jpg 712w, https:\/\/tvdillingen.de\/wp-content\/uploads\/2024\/06\/99_01-300x149.jpg 300w\" sizes=\"auto, (max-width: 712px) 100vw, 712px\" \/><\/figure>\n\n\n\n<figure class=\"wp-block-image size-large\"><img loading=\"lazy\" decoding=\"async\" width=\"717\" height=\"359\" data-id=\"1084\" src=\"https:\/\/tvdillingen.de\/wp-content\/uploads\/2024\/06\/99_05c.jpg\" alt=\"\" class=\"wp-image-1084\" srcset=\"https:\/\/tvdillingen.de\/wp-content\/uploads\/2024\/06\/99_05c.jpg 717w, https:\/\/tvdillingen.de\/wp-content\/uploads\/2024\/06\/99_05c-300x150.jpg 300w\" sizes=\"auto, (max-width: 717px) 100vw, 717px\" \/><\/figure>\n\n\n\n<figure class=\"wp-block-image size-large\"><img loading=\"lazy\" decoding=\"async\" width=\"718\" height=\"303\" data-id=\"1085\" src=\"https:\/\/tvdillingen.de\/wp-content\/uploads\/2024\/06\/99_06a.jpg\" alt=\"\" class=\"wp-image-1085\" srcset=\"https:\/\/tvdillingen.de\/wp-content\/uploads\/2024\/06\/99_06a.jpg 718w, https:\/\/tvdillingen.de\/wp-content\/uploads\/2024\/06\/99_06a-300x127.jpg 300w\" sizes=\"auto, (max-width: 718px) 100vw, 718px\" \/><\/figure>\n\n\n\n<figure class=\"wp-block-image size-large\"><img loading=\"lazy\" decoding=\"async\" width=\"537\" height=\"370\" data-id=\"1083\" src=\"https:\/\/tvdillingen.de\/wp-content\/uploads\/2024\/06\/99_05b.jpg\" alt=\"\" class=\"wp-image-1083\" srcset=\"https:\/\/tvdillingen.de\/wp-content\/uploads\/2024\/06\/99_05b.jpg 537w, https:\/\/tvdillingen.de\/wp-content\/uploads\/2024\/06\/99_05b-300x207.jpg 300w\" sizes=\"auto, (max-width: 537px) 100vw, 537px\" \/><\/figure>\n\n\n\n<figure class=\"wp-block-image size-large\"><img loading=\"lazy\" decoding=\"async\" width=\"713\" height=\"479\" data-id=\"1081\" src=\"https:\/\/tvdillingen.de\/wp-content\/uploads\/2024\/06\/99_04.jpg\" alt=\"\" class=\"wp-image-1081\" srcset=\"https:\/\/tvdillingen.de\/wp-content\/uploads\/2024\/06\/99_04.jpg 713w, https:\/\/tvdillingen.de\/wp-content\/uploads\/2024\/06\/99_04-300x202.jpg 300w\" sizes=\"auto, (max-width: 713px) 100vw, 713px\" \/><\/figure>\n\n\n\n<figure class=\"wp-block-image size-large\"><img loading=\"lazy\" decoding=\"async\" width=\"717\" height=\"302\" data-id=\"1082\" src=\"https:\/\/tvdillingen.de\/wp-content\/uploads\/2024\/06\/99_05a.jpg\" alt=\"\" class=\"wp-image-1082\" srcset=\"https:\/\/tvdillingen.de\/wp-content\/uploads\/2024\/06\/99_05a.jpg 717w, https:\/\/tvdillingen.de\/wp-content\/uploads\/2024\/06\/99_05a-300x126.jpg 300w\" sizes=\"auto, (max-width: 717px) 100vw, 717px\" \/><\/figure>\n\n\n\n<figure class=\"wp-block-image size-large\"><img loading=\"lazy\" decoding=\"async\" width=\"723\" height=\"599\" data-id=\"1079\" src=\"https:\/\/tvdillingen.de\/wp-content\/uploads\/2024\/06\/99_02.jpg\" alt=\"\" class=\"wp-image-1079\" srcset=\"https:\/\/tvdillingen.de\/wp-content\/uploads\/2024\/06\/99_02.jpg 723w, https:\/\/tvdillingen.de\/wp-content\/uploads\/2024\/06\/99_02-300x249.jpg 300w\" sizes=\"auto, (max-width: 723px) 100vw, 723px\" \/><\/figure>\n\n\n\n<figure class=\"wp-block-image size-large\"><img loading=\"lazy\" decoding=\"async\" width=\"720\" height=\"312\" data-id=\"1080\" src=\"https:\/\/tvdillingen.de\/wp-content\/uploads\/2024\/06\/99_03.jpg\" alt=\"\" class=\"wp-image-1080\" srcset=\"https:\/\/tvdillingen.de\/wp-content\/uploads\/2024\/06\/99_03.jpg 720w, https:\/\/tvdillingen.de\/wp-content\/uploads\/2024\/06\/99_03-300x130.jpg 300w\" sizes=\"auto, (max-width: 720px) 100vw, 720px\" \/><\/figure>\n\n\n\n<figure class=\"wp-block-image size-large\"><img loading=\"lazy\" decoding=\"async\" width=\"715\" height=\"414\" data-id=\"1090\" src=\"https:\/\/tvdillingen.de\/wp-content\/uploads\/2024\/06\/99_09.jpg\" alt=\"\" class=\"wp-image-1090\" srcset=\"https:\/\/tvdillingen.de\/wp-content\/uploads\/2024\/06\/99_09.jpg 715w, https:\/\/tvdillingen.de\/wp-content\/uploads\/2024\/06\/99_09-300x174.jpg 300w\" sizes=\"auto, (max-width: 715px) 100vw, 715px\" \/><\/figure>\n\n\n\n<figure class=\"wp-block-image size-large\"><img loading=\"lazy\" decoding=\"async\" width=\"718\" height=\"538\" data-id=\"1089\" src=\"https:\/\/tvdillingen.de\/wp-content\/uploads\/2024\/06\/99_08.jpg\" alt=\"\" class=\"wp-image-1089\" srcset=\"https:\/\/tvdillingen.de\/wp-content\/uploads\/2024\/06\/99_08.jpg 718w, https:\/\/tvdillingen.de\/wp-content\/uploads\/2024\/06\/99_08-300x225.jpg 300w\" sizes=\"auto, (max-width: 718px) 100vw, 718px\" \/><\/figure>\n\n\n\n<figure class=\"wp-block-image size-large\"><img loading=\"lazy\" decoding=\"async\" width=\"716\" height=\"452\" data-id=\"1088\" src=\"https:\/\/tvdillingen.de\/wp-content\/uploads\/2024\/06\/99_07.jpg\" alt=\"\" class=\"wp-image-1088\" srcset=\"https:\/\/tvdillingen.de\/wp-content\/uploads\/2024\/06\/99_07.jpg 716w, https:\/\/tvdillingen.de\/wp-content\/uploads\/2024\/06\/99_07-300x189.jpg 300w\" sizes=\"auto, (max-width: 716px) 100vw, 716px\" \/><\/figure>\n\n\n\n<figure class=\"wp-block-image size-large\"><img loading=\"lazy\" decoding=\"async\" width=\"538\" height=\"361\" data-id=\"1086\" src=\"https:\/\/tvdillingen.de\/wp-content\/uploads\/2024\/06\/99_06b.jpg\" alt=\"\" class=\"wp-image-1086\" srcset=\"https:\/\/tvdillingen.de\/wp-content\/uploads\/2024\/06\/99_06b.jpg 538w, https:\/\/tvdillingen.de\/wp-content\/uploads\/2024\/06\/99_06b-300x201.jpg 300w\" sizes=\"auto, (max-width: 538px) 100vw, 538px\" \/><\/figure>\n\n\n\n<figure class=\"wp-block-image size-large\"><img loading=\"lazy\" decoding=\"async\" width=\"716\" height=\"362\" data-id=\"1087\" src=\"https:\/\/tvdillingen.de\/wp-content\/uploads\/2024\/06\/99_06c.jpg\" alt=\"\" class=\"wp-image-1087\" srcset=\"https:\/\/tvdillingen.de\/wp-content\/uploads\/2024\/06\/99_06c.jpg 716w, https:\/\/tvdillingen.de\/wp-content\/uploads\/2024\/06\/99_06c-300x152.jpg 300w\" sizes=\"auto, (max-width: 716px) 100vw, 716px\" \/><\/figure>\n<\/figure>\n","protected":false},"excerpt":{"rendered":"<p>P\u00fcnktlich zum 125-J\u00e4hrigen Jubil\u00e4um ist eine Festschrift aus dem Jahr 1999 aufgetaucht. Hier pr\u00e4sentieren sich die im Verein vertretenen Abteilungen mit ihren Mitgliedern den Betrachtern. Die Fotos entsprechen in Stil und Qualit\u00e4t der damaligen Zeit einer Festschrift. Man kann sich so auf eine kleine Zeitreise begeben. Nat\u00fcrlich hat sich der Verein in 25 Jahren ver\u00e4ndert,&hellip; <br \/> <a class=\"read-more\" href=\"https:\/\/tvdillingen.de\/?page_id=1074\">Weiterlesen<\/a><\/p>\n","protected":false},"author":1,"featured_media":0,"parent":0,"menu_order":0,"comment_status":"closed","ping_status":"closed","template":"","meta":{"footnotes":""},"class_list":["post-1074","page","type-page","status-publish","hentry"],"_links":{"self":[{"href":"https:\/\/tvdillingen.de\/index.php?rest_route=\/wp\/v2\/pages\/1074","targetHints":{"allow":["GET"]}}],"collection":[{"href":"https:\/\/tvdillingen.de\/index.php?rest_route=\/wp\/v2\/pages"}],"about":[{"href":"https:\/\/tvdillingen.de\/index.php?rest_route=\/wp\/v2\/types\/page"}],"author":[{"embeddable":true,"href":"https:\/\/tvdillingen.de\/index.php?rest_route=\/wp\/v2\/users\/1"}],"replies":[{"embeddable":true,"href":"https:\/\/tvdillingen.de\/index.php?rest_route=%2Fwp%2Fv2%2Fcomments&post=1074"}],"version-history":[{"count":3,"href":"https:\/\/tvdillingen.de\/index.php?rest_route=\/wp\/v2\/pages\/1074\/revisions"}],"predecessor-version":[{"id":1092,"href":"https:\/\/tvdillingen.de\/index.php?rest_route=\/wp\/v2\/pages\/1074\/revisions\/1092"}],"wp:attachment":[{"href":"https:\/\/tvdillingen.de\/index.php?rest_route=%2Fwp%2Fv2%2Fmedia&parent=1074"}],"curies":[{"name":"wp","href":"https:\/\/api.w.org\/{rel}","templated":true}]}}